et s(d) = -d**3 + 10*d**2 + 10*d + 8. Let a be s(11). Calculate the remainder when 14 is divided by (a + -15)*(-4)/12.
2
Suppose -4*p + 122 = -10. Calculate the remainder when 294 is divided by p.
30
Let k = 703 + -639. Calculate the remainder when 197 is divided by k.
5
Suppose 6 = -5*l - l. Let w(i) = -56*i - 1. What is the remainder when w(l) is divided by 19?
17
Suppose -199*k + 3128 = -63*k. Let r(b) = 15*b + 1. What is the remainder when k is divided by r(1)?
7
What is the remainder when (70 + 0)*(-75)/(-125) is divided by 12?
6
Suppose -5*y = 5*p - 0*p - 35, -p + 2*y + 4 = 0. Calculate the remainder when 9 is divided by p.
3
Suppose 4*i - 3*v = -8*v + 68, -3*i - 3*v = -48. Calculate the remainder when 43 is divided by i.
7
Calculate the remainder when (-2)/8 - (-2 - 2184/32) is divided by 19.
13
Suppose x - 2*c = 811, -6*x + 10*x - 3218 = -5*c. What is the remainder when x is divided by 116?
111
Let h(c) = 9*c + 6. What is the remainder when h(15) is divided by 37?
30
Let s(m) = 3*m - 6. Suppose 10*y - 69 = 21. Calculate the remainder when 81 is divided by s(y).
18
Let n(a) be the first derivative of 0*a - 10*a + 3*a**2 + 1 - 5 + 0. What is the remainder when n(8) is divided by 13?
12
Suppose -4*q + 83 = 3*z - 29, 42 = 2*q + 5*z. What is the remainder when q is divided by 4*((-6)/(-3) + 0)?
7
What is the remainder when 32680/160 + 1/(-4) is divided by 16?
12
Calculate the remainder when (-4176)/20*(-10)/4 is divided by 174.
0
Suppose -r = -3*r + 10. Suppose r - 86 = -9*s. Suppose -i - 170 = -6*i. What is the remainder when i is divided by s?
7
Suppose 14*k = 25*k - 55. Calculate the remainder when 59 is divided by k.
4
Suppose 5*q - r = -60, -2*r + 22 = -q + 1. Let u = 16 + q. Suppose -2*w = o + 1, -18 = -2*o + u*w - 2. Calculate the remainder when o is divided by 3.
0
Let z be (3 - 7)/(((-2)/2)/5). Suppose 18*r - z*r + 10 = 0. What is the remainder when 17 is divided by r?
2
Suppose -5*a = -3*v + 28, v + a = 9 + 3. What is the remainder when 71 is divided by v?
5
Let w(p) = 5*p**2 - 3*p - 16. Calculate the remainder when 109 is divided by w(-3).
33
Suppose -2*f + 6*f = -4*q + 24, 4*q + 5*f = 27. Suppose 0 = t - 8*p + 12*p - 23, 4*t - 4*p - 92 = 0. What is the remainder when t is divided by q?
2
Let a(g) = 4*g**2 - g - 1. Let t be a(-1). Suppose -41 = -t*i + 31. What is the remainder when i is divided by 5?
3
Suppose -12 = -6*y + 18. Suppose r - 34 = -2*p, -y*r - 13 = -3. Calculate the remainder when 33 is divided by p.
15
Suppose 12*k = 32*k - 1180. What is the remainder when k is divided by 13?
7
Suppose 25*p - 175 = 20*p. What is the remainder when (-3)/15 - (-4137)/p is divided by 24?
22
Let p(w) be the first derivative of 15*w**2/2 - 7*w - 2. What is the remainder when 113 is divided by p(3)?
37
Let j = -42 - -66. What is the remainder when 21/2*j/36 is divided by 5?
2
What is the remainder when (18/4)/((-6)/(-332)) is divided by 28?
25
Suppose 4*t = -9 - 7. Let u be 2*(3 - (-2)/t). Suppose 0 = 2*k + u - 29. Calculate the remainder when 21 is divided by k.
9
Calculate the remainder when 164 is divided by 42 - ((-26)/(-8))/13*-8.
32
Suppose 4*n - 94 = -2*y, 0 = -5*n + 6*y - 11*y + 120. What is the remainder when 73 is divided by n?
4
Let v(n) = 6 + 7*n - 29 - 13. What is the remainder when 133 is divided by v(9)?
25
What is the remainder when ((-774)/10)/(-2 + 18/10) is divided by 39?
36
Let m(f) be the second derivative of 2/3*f**4 - 10*f - 7/2*f**2 - 1/2*f**3 + 0 + 1/20*f**5. Calculate the remainder when m(-8) is divided by 10.
7
Suppose 50*h - 63*h + 1313 = 0. Calculate the remainder when h is divided by 2.
1
Suppose 7*z = -3*z + 470. Suppose -4*b = -3*y - z - 113, -5*b + 199 = -4*y. What is the remainder when b is divided by 31/2 + 5/(-10)?
13
Let i(a) = -5*a + 391. Calculate the remainder when i(-28) is divided by 28.
27
Let x(s) = -18*s**2 + 2*s. Let f be x(1). Let m = -11 - f. Suppose -m*i = -10*i + 65. What is the remainder when i is divided by 3?
1
Let j be (12/(-10))/((-42)/(-1785)). Let l = 76 + j. What is the remainder when 46 is divided by l?
21
Suppose 4*t - 55 = 13. What is the remainder when 45 is divided by t?
11
Let j(s) = 2*s**3 - 2*s**2 + 5*s + 473. Calculate the remainder when j(0) is divided by 231.
11
Suppose 27 = 3*r - 51. Suppose -4*y = -2*l + r, -l - l + 34 = -2*y. Suppose 3*o + o = 32. Calculate the remainder when l is divided by o.
5
Calculate the remainder when (-1 - 0)/(5 + 104/(-20)) is divided by 4.
1
Let m = 388 - 311. Calculate the remainder when m is divided by 22.
11
Let m(q) = q + 8. Let u be m(-8). Suppose -4*k + 4*g - 2 - 2 = u, 9 = -k + 3*g. Let x = -4 + 10. What is the remainder when x is divided by k?
0
Let l = 5 + 17. Suppose -a - 17 + l = 0. What is the remainder when 14 is divided by a?
4
Suppose -h - 165 = -3*u + 38, 4*u - 3*h = 279. Let o = u + -51. Calculate the remainder when 25 is divided by o.
10
Let p(l) = 2*l**2 + 13*l + 10. Let y(i) = i**2 + 13*i + 10. Let r(f) = 2*p(f) - 3*y(f). What is the remainder when r(-3) is divided by 22?
16
Let f = 31 - 18. Suppose 5*b - 12 = f. Suppose 3*n + 3*g - g - 189 = 0, b*n + 2*g - 311 = 0. What is the remainder when n is divided by 21?
19
Let q(k) = 2*k - 9. Let g be q(15). Let r = g + -34. Let u(t) = -4*t - 9. Calculate the remainder when u(r) is divided by 22.
21
Suppose -14*g - 87 = -b - 10*g, 4*b + 3*g - 253 = 0. What is the remainder when b is divided by 35?
32
Let p(a) = 14*a - 5. Let f be p(5). Suppose 2*d - f = 83. Let j(r) = 5*r**2 - 5*r - 5. What is the remainder when d is divided by j(3)?
24
Let g be (-50)/(-8) - ((-65)/(-20) + -3). Let h(d) = 2*d**2 - 6*d + 1. What is the remainder when 107 is divided by h(g)?
33
Let n(d) = 7*d**2 + 13*d - 35. What is the remainder when n(4) is divided by 1/(-2 - 54/(-26))?
12
Let s be (-1 + -7)*46/8. Let j = 85 + s. Calculate the remainder when j is divided by 10.
9
What is the remainder when 6*(7/3 + -2)*1714 is divided by 98?
96
Suppose 0*w + 1 = w. Let c be (-5)/(-2) + w/(-2). Suppose -c*o + 117 = o. What is the remainder when o is divided by 10?
9
Let v(k) = k**3 + 154*k**2 - 140*k**2 + 1 + 15*k - 6. Calculate the remainder when v(-12) is divided by 21.
19
Suppose 2*y - 12 = -o, -5*o + y + 36 = 5*y. Calculate the remainder when (-10 - 0)/(38 - 40) is divided by o.
1
Suppose -225 = -3*w + 27. Suppose 0*n + w = 4*k - 4*n, 60 = 5*k + 4*n. What is the remainder when 44 is divided by k?
12
Let u(b) = -b**2 - 6*b - 3. Let g(f) = f**3 + 10*f**2 - 12*f + 1. Let x be g(-11). Calculate the remainder when 3*(22/x + (-7)/14) is divided by u(-5).
0
Suppose 5*u = 105 + 15. What is the remainder when u is divided by ((-44)/8)/(6/(-12))?
2
What is the remainder when 49 is divided by -2 - -4 - 5 - -13?
9
Let h(c) = c**2 - 18*c - 16. Let v be h(19). Let d be (-1)/v + (-448)/6. Calculate the remainder when 13 is divided by 14/77 - d/11.
6
Let u = 312 - 289. Calculate the remainder when 84 is divided by u.
15
Let b(q) = 9*q - 124. What is the remainder when 164 is divided by b(19)?
23
Let o = -164 - -296. Let j = o - 95. What is the remainder when j is divided by 19?
18
Suppose -6*h - 21*h = -1080. What is the remainder when h is divided by 15?
10
Let v(z) = -z**3 - 3*z**2 + 4*z + 3. Let h be v(-4). Suppose h*u = -x - 8, 3*x + 2*x - 60 = 5*u. What is the remainder when (-98)/(-4) + 4/8 is divided by x?
4
Let l be (-20)/15*(-73 + 1). Let p = -8 + l. What is the remainder when p is divided by 23?
19
Suppose -2*y = -72 - 182. Calculate the remainder when y is divided by 13.
10
Let j(q) = 2*q**3 - 3*q**2. Let l be j(2). Let g = 693 - 689. Suppose 4*k + l = 3*a - 7, -5*k = g*a - 56. Calculate the remainder when 26 is divided by a.
8
Let x(h) = -h**2 - 31*h - 131. Calculate the remainder when x(-22) is divided by 20.
7
What is the remainder when (-954)/24*8/(-3) is divided by 20?
6
Suppose 64 = -15*i + 214. Suppose -5*n = 3*t + i, -25 = -6*t + 3*t + 2*n. Calculate the remainder when 13 is divided by t.
3
Let u be (6 + -8)*1/(-2). Suppose 0 = -3*j + j. Suppose -f + 12 + u = j. What is the remainder when f is divided by 5?
3
Let b = -8 + 2. Let n = b + 13. Suppose 10*s - n*s = 45. What is the remainder when s is divided by 6?
3
Suppose -4*u - 4*g + 144 = -0*g, u + 4*g = 21. Calculate the remainder when 490 is divided 